{"id":2012,"date":"2017-03-08T13:45:50","date_gmt":"2017-03-08T13:45:50","guid":{"rendered":"http:\/\/test.kriesi.at\/enfold-minimal-photography\/?page_id=2012"},"modified":"2022-08-15T20:59:24","modified_gmt":"2022-08-15T20:59:24","slug":"kontakt-2","status":"publish","type":"page","link":"https:\/\/www.jamajczyk.pl\/?page_id=2012","title":{"rendered":"Kontakt"},"content":{"rendered":"<div id='av_section_1'  class='avia-section av-ptoenw-9f02b378d098e3f433b81d7de2b0514d main_color avia-section-large avia-no-border-styling  avia-builder-el-0  avia-builder-el-no-sibling  avia-bg-style-scroll container_wrap fullsize'  ><div class='container av-section-cont-open' ><main  role=\"main\" itemprop=\"mainContentOfPage\"  class='template-page content  av-content-full alpha units'><div class='post-entry post-entry-type-page post-entry-2012'><div class='entry-content-wrapper clearfix'>\n\n<style type=\"text\/css\" data-created_by=\"avia_inline_auto\" id=\"style-css-av-nhusek-2a6571f3c64abc9098ebaa329ae46bb9\">\n#top .av-special-heading.av-nhusek-2a6571f3c64abc9098ebaa329ae46bb9{\npadding-bottom:0;\nfont-size:40px;\n}\nbody .av-special-heading.av-nhusek-2a6571f3c64abc9098ebaa329ae46bb9 .av-special-heading-tag .heading-char{\nfont-size:25px;\n}\n#top #wrap_all .av-special-heading.av-nhusek-2a6571f3c64abc9098ebaa329ae46bb9 .av-special-heading-tag{\nfont-size:40px;\n}\n.av-special-heading.av-nhusek-2a6571f3c64abc9098ebaa329ae46bb9 .av-subheading{\nfont-size:14px;\n}\n\n@media only screen and (min-width: 480px) and (max-width: 767px){ \n#top #wrap_all .av-special-heading.av-nhusek-2a6571f3c64abc9098ebaa329ae46bb9 .av-special-heading-tag{\nfont-size:0.8em;\n}\n}\n\n@media only screen and (max-width: 479px){ \n#top #wrap_all .av-special-heading.av-nhusek-2a6571f3c64abc9098ebaa329ae46bb9 .av-special-heading-tag{\nfont-size:0.8em;\n}\n}\n<\/style>\n<div  class='av-special-heading av-nhusek-2a6571f3c64abc9098ebaa329ae46bb9 av-special-heading-h1 blockquote modern-quote modern-centered  avia-builder-el-1  el_before_av_hr  avia-builder-el-first  av-inherit-size'><h1 class='av-special-heading-tag '  itemprop=\"headline\"  >Kontakt<\/h1><div class=\"special-heading-border\"><div class=\"special-heading-inner-border\"><\/div><\/div><\/div>\n\n<style type=\"text\/css\" data-created_by=\"avia_inline_auto\" id=\"style-css-av-mzks4s-901584307c07601b11b65eb2bb31a6f9\">\n#top .hr.av-mzks4s-901584307c07601b11b65eb2bb31a6f9{\nmargin-top:20px;\nmargin-bottom:30px;\n}\n.hr.av-mzks4s-901584307c07601b11b65eb2bb31a6f9 .hr-inner{\nwidth:20px;\nborder-color:#ffffff;\n}\n<\/style>\n<div  class='hr av-mzks4s-901584307c07601b11b65eb2bb31a6f9 hr-custom  avia-builder-el-2  el_after_av_heading  el_before_av_one_fourth  hr-center hr-icon-no'><span class='hr-inner inner-border-av-border-fat'><span class=\"hr-inner-style\"><\/span><\/span><\/div>\n\n<style type=\"text\/css\" data-created_by=\"avia_inline_auto\" id=\"style-css-av-8vwglo-9bee828176b66f980f00f3bf5a7c3041\">\n.flex_column.av-8vwglo-9bee828176b66f980f00f3bf5a7c3041{\nborder-radius:0px 0px 0px 0px;\npadding:0px 0px 0px 0px;\n}\n<\/style>\n<div  class='flex_column av-8vwglo-9bee828176b66f980f00f3bf5a7c3041 av_one_fourth  avia-builder-el-3  el_after_av_hr  el_before_av_one_half  first flex_column_div av-zero-column-padding  '     ><p><section  class='av_textblock_section av-tg54s-65582df3592ddb44983b3b04479ee9ce '   itemscope=\"itemscope\" itemtype=\"https:\/\/schema.org\/CreativeWork\" ><div class='avia_textblock'  itemprop=\"text\" ><\/div><\/section><br \/>\n<section  class='av_textblock_section av-5ehpqk-b31349c68e3c397c9a77bc8c64322da9 '   itemscope=\"itemscope\" itemtype=\"https:\/\/schema.org\/CreativeWork\" ><div class='avia_textblock'  itemprop=\"text\" ><\/div><\/section><br \/>\n<div  class='hr av-3rl358-58f11c051a9b8863cf24c5c3f0c12598 hr-default  avia-builder-el-6  el_after_av_textblock  el_before_av_textblock '><span class='hr-inner '><span class=\"hr-inner-style\"><\/span><\/span><\/div><br \/>\n\n<style type=\"text\/css\" data-created_by=\"avia_inline_auto\" id=\"style-css-av-12u5o-4afef685e53db9914bdf35ce36d7f56a\">\n#top .av_textblock_section.av-12u5o-4afef685e53db9914bdf35ce36d7f56a .avia_textblock{\ncolor:#bababa;\n}\n<\/style>\n<section  class='av_textblock_section av-12u5o-4afef685e53db9914bdf35ce36d7f56a '   itemscope=\"itemscope\" itemtype=\"https:\/\/schema.org\/CreativeWork\" ><div class='avia_textblock av_inherit_color'  itemprop=\"text\" ><\/div><\/section><\/p><\/div>\n<style type=\"text\/css\" data-created_by=\"avia_inline_auto\" id=\"style-css-av-knkayk-1b731fe15b7454d48ecb145a7b9520f2\">\n.flex_column.av-knkayk-1b731fe15b7454d48ecb145a7b9520f2{\nborder-radius:0px 0px 0px 0px;\npadding:0px 0px 0px 0px;\n}\n<\/style>\n<div  class='flex_column av-knkayk-1b731fe15b7454d48ecb145a7b9520f2 av_one_half  avia-builder-el-8  el_after_av_one_fourth  el_before_av_one_fourth  flex_column_div av-zero-column-padding  '     ><form action=\"https:\/\/www.jamajczyk.pl\/?page_id=2012\" method=\"post\" data-fields-with-error=\"Found errors in the following field(s):\" class=\"avia_ajax_form av-form-labels-hidden   avia-builder-el-9  avia-builder-el-no-sibling   \" data-avia-form-id=\"1\" data-avia-redirect='' ><fieldset><p class='  first_form  form_element form_element_half' id='element_avia_1_1'><label for=\"avia_1_1\">Imi\u0119 <abbr class=\"required\" title=\"required\">*<\/abbr><\/label> <input name=\"avia_1_1\" class=\"text_input is_empty\" type=\"text\" id=\"avia_1_1\" value=\"\"  placeholder='Imi\u0119*'\/><\/p><p class='  form_element form_element_half' id='element_avia_2_1'><label for=\"avia_2_1\">E-Mail <abbr class=\"required\" title=\"required\">*<\/abbr><\/label> <input name=\"avia_2_1\" class=\"text_input is_email\" type=\"text\" id=\"avia_2_1\" value=\"\"  placeholder='E-Mail*'\/><\/p><p class='  first_form  form_element form_fullwidth' id='element_avia_3_1'><label for=\"avia_3_1\">Temat <abbr class=\"required\" title=\"required\">*<\/abbr><\/label><select  name=\"avia_3_1\" class=\"select is_empty\" id=\"avia_3_1\"><option class=\"av-placeholder\" disabled=\"disabled\" selected=\"selected\" value=''>Temat*<\/option><option   value='Wsp\u00f3\u0142praca'>Wsp\u00f3\u0142praca<\/option><option   value='Zaproszenie na wydarzenie'>Zaproszenie na wydarzenie<\/option><option   value='Inne'>Inne<\/option><\/select><\/p><p class='  first_form  form_element form_fullwidth av-last-visible-form-element' id='element_avia_4_1'><label for=\"avia_4_1\" class=\"textare_label hidden textare_label_avia_4_1\">Wiadomo\u015b\u0107 <abbr class=\"required\" title=\"required\">*<\/abbr><\/label><textarea  placeholder='Wiadomo\u015b\u0107*' name=\"avia_4_1\" class=\"text_area is_empty\" cols=\"40\" rows=\"7\" id=\"avia_4_1\" ><\/textarea><\/p><p class=\"hidden\"><input type=\"text\" name=\"avia_5_1\" class=\"hidden \" id=\"avia_5_1\" value=\"\" \/><\/p><p class=\"form_element \"><input type=\"hidden\" value=\"1\" name=\"avia_generated_form1\" \/><input type=\"submit\" value=\"Wy\u015blij\" class=\"button\"  data-sending-label=\"Trwa wysy\u0142anie...\"\/><\/p><\/fieldset><\/form><div id=\"ajaxresponse_1\" class=\"ajaxresponse ajaxresponse_1 hidden\"><\/div><\/div>\n<style type=\"text\/css\" data-created_by=\"avia_inline_auto\" id=\"style-css-av-9vx6p8-92ad14c06c1c7212e83dbf5d35d63881\">\n.flex_column.av-9vx6p8-92ad14c06c1c7212e83dbf5d35d63881{\nborder-radius:0px 0px 0px 0px;\npadding:0px 0px 0px 0px;\n}\n<\/style>\n<div  class='flex_column av-9vx6p8-92ad14c06c1c7212e83dbf5d35d63881 av_one_fourth  avia-builder-el-10  el_after_av_one_half  avia-builder-el-last  flex_column_div av-zero-column-padding  '     ><p><section  class='av_textblock_section av-s1cfg-b24e4d1ce010e6879429b45a096ed9ae '   itemscope=\"itemscope\" itemtype=\"https:\/\/schema.org\/CreativeWork\" ><div class='avia_textblock'  itemprop=\"text\" ><\/div><\/section><br \/>\n<section  class='av_textblock_section av-6bo7a4-a094452412bcf852e5797bb3a9ce1caf '   itemscope=\"itemscope\" itemtype=\"https:\/\/schema.org\/CreativeWork\" ><div class='avia_textblock'  itemprop=\"text\" ><\/div><\/section><br \/>\n<div  class='hr av-4im60c-1dc7ce4193fc75cd48e3b873c45b0bb7 hr-default  avia-builder-el-13  el_after_av_textblock  el_before_av_textblock '><span class='hr-inner '><span class=\"hr-inner-style\"><\/span><\/span><\/div><br \/>\n\n<style type=\"text\/css\" data-created_by=\"avia_inline_auto\" id=\"style-css-av-1uw3d8-4530725b267493dbf04a2bf2350808e6\">\n#top .av_textblock_section.av-1uw3d8-4530725b267493dbf04a2bf2350808e6 .avia_textblock{\ncolor:#bababa;\n}\n<\/style>\n<section  class='av_textblock_section av-1uw3d8-4530725b267493dbf04a2bf2350808e6 '   itemscope=\"itemscope\" itemtype=\"https:\/\/schema.org\/CreativeWork\" ><div class='avia_textblock av_inherit_color'  itemprop=\"text\" ><\/div><\/section><\/p><\/div>\n","protected":false},"excerpt":{"rendered":"","protected":false},"author":1,"featured_media":0,"parent":0,"menu_order":0,"comment_status":"closed","ping_status":"closed","template":"","meta":{"footnotes":""},"class_list":["post-2012","page","type-page","status-publish","hentry"],"_links":{"self":[{"href":"https:\/\/www.jamajczyk.pl\/index.php?rest_route=\/wp\/v2\/pages\/2012","targetHints":{"allow":["GET"]}}],"collection":[{"href":"https:\/\/www.jamajczyk.pl\/index.php?rest_route=\/wp\/v2\/pages"}],"about":[{"href":"https:\/\/www.jamajczyk.pl\/index.php?rest_route=\/wp\/v2\/types\/page"}],"author":[{"embeddable":true,"href":"https:\/\/www.jamajczyk.pl\/index.php?rest_route=\/wp\/v2\/users\/1"}],"replies":[{"embeddable":true,"href":"https:\/\/www.jamajczyk.pl\/index.php?rest_route=%2Fwp%2Fv2%2Fcomments&post=2012"}],"version-history":[{"count":5,"href":"https:\/\/www.jamajczyk.pl\/index.php?rest_route=\/wp\/v2\/pages\/2012\/revisions"}],"predecessor-version":[{"id":2453,"href":"https:\/\/www.jamajczyk.pl\/index.php?rest_route=\/wp\/v2\/pages\/2012\/revisions\/2453"}],"wp:attachment":[{"href":"https:\/\/www.jamajczyk.pl\/index.php?rest_route=%2Fwp%2Fv2%2Fmedia&parent=2012"}],"curies":[{"name":"wp","href":"https:\/\/api.w.org\/{rel}","templated":true}]}}